of 5571?
1
What is the tens digit of 403?
0
What is the hundreds digit of 3132?
1
What is the tens digit of 854?
5
What is the ten thousands digit of 37053?
3
What is the units digit of 2478?
8
What is the thousands digit of 15395?
5
What is the tens digit of 4334?
3
What is the units digit of 8023?
3
What is the tens digit of 2059?
5
What is the tens digit of 5744?
4
What is the tens digit of 319?
1
What is the units digit of 31348?
8
What is the hundreds digit of 4621?
6
What is the tens digit of 3744?
4
What is the units digit of 28476?
6
What is the hundreds digit of 2350?
3
What is the thousands digit of 1008?
1
What is the units digit of 31569?
9
What is the thousands digit of 1287?
1
What is the hundreds digit of 627?
6
What is the units digit of 37023?
3
What is the hundreds digit of 984?
9
What is the hundreds digit of 41244?
2
What is the hundreds digit of 471?
4
What is the hundred thousands digit of 184189?
1
What is the thousands digit of 4087?
4
What is the tens digit of 107406?
0
What is the units digit of 24734?
4
What is the thousands digit of 25496?
5
What is the hundreds digit of 5658?
6
What is the ten thousands digit of 122718?
2
What is the hundreds digit of 260?
2
What is the ten thousands digit of 13411?
1
What is the tens digit of 11698?
9
What is the tens digit of 58867?
6
What is the ten thousands digit of 69420?
6
What is the thousands digit of 23829?
3
What is the thousands digit of 3734?
3
What is the hundreds digit of 2033?
0
What is the units digit of 3508?
8
What is the hundreds digit of 33866?
8
What is the thousands digit of 8634?
8
What is the ten thousands digit of 24201?
2
What is the thousands digit of 1802?
1
What is the thousands digit of 42063?
2
What is the thousands digit of 115777?
5
What is the ten thousands digit of 33371?
3
What is the ten thousands digit of 24742?
2
What is the units digit of 4058?
8
What is the units digit of 1303?
3
What is the units digit of 933?
3
What is the units digit of 2276?
6
What is the tens digit of 16733?
3
What is the hundreds digit of 243?
2
What is the hundreds digit of 603?
6
What is the hundreds digit of 866?
8
What is the thousands digit of 5251?
5
What is the hundreds digit of 1939?
9
What is the units digit of 30?
0
What is the thousands digit of 132952?
2
What is the units digit of 3186?
6
What is the hundreds digit of 6520?
5
What is the thousands digit of 1830?
1
What is the units digit of 133273?
3
What is the hundreds digit of 6705?
7
What is the thousands digit of 10074?
0
What is the thousands digit of 88686?
8
What is the units digit of 1000?
0
What is the tens digit of 4175?
7
What is the thousands digit of 4735?
4
What is the hundreds digit of 756?
7
What is the hundreds digit of 5402?
4
What is the ten thousands digit of 39723?
3
What is the thousands digit of 3510?
3
What is the thousands digit of 14014?
4
What is the tens digit of 865?
6
What is the tens digit of 2365?
6
What is the thousands digit of 27734?
7
What is the thousands digit of 3582?
3
What is the thousands digit of 40099?
0
What is the thousands digit of 5122?
5
What is the ten thousands digit of 82102?
8
What is the hundreds digit of 32837?
8
What is the ten thousands digit of 16790?
1
What is the units digit of 15108?
8
What is the thousands digit of 100547?
0
What is the units digit of 3541?
1
What is the units digit of 54611?
1
What is the thousands digit of 4069?
4
What is the thousands digit of 1968?
1
What is the thousands digit of 1008?
1
What is the hundreds digit of 9355?
3
What is the tens digit of 3650?
5
What is the hundreds digit of 13285?
2
What is the tens digit of 21739?
3
What is the tens digit of 39519?
1
What is the units digit of 323?
3
What is the units digit of 53166?
6
What is the tens digit of 51074?
7
What is the units digit of 766?
6
What is the tens digit of 2742?
4
What is the thousands digit of 1639?
1
What is the hundreds digit of 7621?
6
What is the units digit of 422?
2
What is the hundreds digit of 7802?
8
What is the thousands digit of 9452?
9
What is the units digit of 1505?
5
What is the units digit of 79318?
8
What is the hundreds digit of 61989?
9
What is the units digit of 3680?
0
What is the tens digit of 2176?
7
What is the thousands digit of 4281?
4
What is the tens digit of 1852?
5
What is the hundreds digit of 34775?
7
What is the units digit of 1278?
8
What is the thousands digit of 47929?
7
What is the hundreds digit of 14715?
7
What is the ten thousands digit of 39607?
3
What is the tens digit of 1885?
8
What is the ten thousands digit of 40885?
4
What is the units digit of 83?
3
What is the hundreds digit of 286?
2
What is the units digit of 777?
7
What is the units digit of 1090?
0
What is the hundreds digit of 918?
9
What is the thousands digit of 3587?
3
What is the tens digit of 4974?
7
What is the tens digit of 1205?
0
What is the hundreds digit of 393?
3
What is the tens digit of 1401?
0
What is the thousands digit of 4745?
4
What is the tens digit of 10930?
3
What is the hundreds digit of 58276?
2
What is the units digit of 278?
8
What is the hundreds digit of 39739?
7
What is the tens digit of 27924?
2
What is the tens digit of 24602?
0
What is the units digit of 5467?
7
What is the units digit of 13909?
9
What is the tens digit of 36012?
1
What is the units digit of 766?
6
What is the tens digit of 3195?
9
What is the tens digit of 9559?
5
What is the ten thousands digit of 16937?
1
What is the units digit of 15803?
3
What is the tens digit of 1605?
0
What is the tens digit of 76248?
4
What is the tens digit of 2363?
6
What is the units digit of 6090?
0
What is the units digit of 4745?
5
What is the hundreds digit of 102302?
3
What is the units digit of 2784?
4
What is the hundreds digit of 907?
9
What is the hundreds digit of 16942?
9
What is the units digit of 2398?
8
What is the hundreds digit of 1552?
5
What is the tens digit of 18068?
6
What is the thousands digit of 45585?
5
What is the thousands digit of 2565?
2
What is the thousands digit of 25366?
5
What is the hundreds digit of 432?
4
What is the ten thousands digit of 107543?
0
What is the units digit of 2849?
9
What is the hundreds digit of 651?
6
What is the hundreds digit of 6307?
3
What is the hundreds digit of 11338?
3
What is the thousands digit of 2007?
2
What is the tens digit of 2578?
7
What is the tens digit of 17779?
7
What is the thousands digit of 12083?
2
What is the hundreds digit of 1180?
1
What is the units digit of 925?
5
What is the tens digit of 817?
1
What is the thousands digit of 6128?
6
What is the hundreds digit of 2103?
1
What is the units digit of 3296?
6
What is the thousands digit of 147397?
7
What is the hundreds digit of 84101?
1
What is the tens digit of 20179?
7
What is the tens digit of 19634?
3
What is the thousands digit of 1873?
1
What is the units digit of 1130?
0
What is the units digit of 65116?
6
What is the tens digit of 39106?
0
What is the units digit of 7803?
3
What is the hundreds digit of 1601?
6
What is the thousands digit of 8524?
8
What is the units digit of 1303?
3
What is the tens digit of 760?
6
What is the hundreds digit of 4552?
5
What is the ten thousands digit of 21599?
2
What is the tens digit of 5736?
3
What is the units digit of 101843?
3
What is the hundreds digit of 154464?
4
What is the hundreds digit of 79215?
2
What is the tens digit of 1744?
4
What is the thousands digit of 1277?
1
What is the thousands digit of 27504?
7
What is the tens digit of 234?
3
What is the thousands digit of 3126?
3
What is the units digit of 1171?
1
What is the tens digit of 6540?
4
What is the thousands digit of 44504?
4
What is the thousands digit of 1763?
1
What is the units digit of 43041?
1
What is the tens digit of 12380?
8
What is the units digit of 429?
9
What is the tens digit of 26578?
7
What is the ten thousands digit of 13583?
1
What is the units digit of 56?
6
What is the thousands digit of 2955?
2
What is the hundreds digit of 1840?
8
What is the tens digit of 884?
8
What is the units digit of 12066?
6
What is the tens digit of 321?
2
What is the units digit of 27447?
7
What is the units digit of 1021?
1
What is the units digit of 13065?
5
What is the hundreds digit of 111419?
4
What is the units digit o